late s(-7).
-88
Let u(v) = v**3 - 152*v**2 + 598*v - 21. Calculate u(4).
3
Let o(u) = -u**2 - 984*u - 5849. Calculate o(-6).
19
Let p(q) = 152*q - 2. Calculate p(-1).
-154
Let o(j) = -j**3 - 73*j**2 - 156*j - 1019. Determine o(-71).
-25
Let k(b) = b + 75. Calculate k(15).
90
Let h(c) = 3*c**2 - 8*c - 33. Calculate h(0).
-33
Let h(v) = -v**2 - 373*v + 1484. Calculate h(4).
-24
Let h(u) = -u**2 + 43*u - 468. Calculate h(20).
-8
Let q(s) = -s**3 - 5*s**2 + 78*s + 40. Calculate q(7).
-2
Let o(b) = 4*b**2 - 24*b + 8. Determine o(6).
8
Let r(p) = p**2 + 90*p - 4524. Give r(36).
12
Let o(y) = y**3 + 5*y**2 - 102*y - 9. Give o(8).
7
Let g(y) = -33*y + 62. Determine g(4).
-70
Let k(f) = -f**3 - 2*f**2 + 90*f - 240. Give k(0).
-240
Let w(b) = -25727*b + 180094. Give w(7).
5
Let u(h) = -h**3 + 8*h**2 - 30*h + 349. Give u(9).
-2
Let g(q) = 2*q**2 + 8*q - 21. Determine g(-6).
3
Let r(x) = -242*x + 3869. Calculate r(16).
-3
Let g(w) = 8*w**3 - 49*w**2 + 17*w - 25. Determine g(6).
41
Let p(m) = m**3 + 22*m**2 - 35*m - 51. Calculate p(-24).
-363
Let j(n) = 2*n**3 + 11*n**2 - 165*n - 74. Give j(7).
-4
Let x(w) = -366*w - 609. Give x(-2).
123
Let j(o) = -o**2 + 41*o + 13. What is j(42)?
-29
Let p(r) = r**3 + 16*r**2 + 73*r + 99. Calculate p(-6).
21
Let d(m) = -10*m**2 + 36*m - 71. Give d(3).
-53
Let r(x) = -4*x**2 - 68*x + 732. Determine r(9).
-204
Let m(k) = -2*k**3 + 32*k**2 + 35*k - 48. What is m(17)?
-31
Let o(w) = -7*w**2 - w - 23. Give o(0).
-23
Let l(b) = b**3 + 9*b**2 + 8*b - 20. Determine l(-7).
22
Let c(v) = -v**3 + 27*v**2 - 171*v + 968. Determine c(21).
23
Let u(l) = 16949*l + 7. What is u(0)?
7
Let y(l) = -516*l + 5688. Determine y(11).
12
Let o(n) = 11*n + 539. Give o(-45).
44
Let t(r) = -3*r**2 - 170*r - 494. Calculate t(-3).
-11
Let t(y) = y**3 + 17*y**2 + 11*y - 31. Determine t(-16).
49
Let b(s) = 6*s**3 + 54*s**2 - 4*s - 49. Give b(-9).
-13
Let v(c) = 2*c**3 + 27*c**2 + 35*c - 11. What is v(-12)?
1
Let i(k) = 5*k**2 + 294*k - 895. What is i(3)?
32
Let h(f) = -2*f**2 + 180*f - 3537. Give h(60).
63
Let u(y) = -3248*y + 9736. Give u(3).
-8
Let j(y) = 37*y**3 - 2*y**2 + 332*y + 335. What is j(-1)?
-36
Let q(a) = -a**3 - 18*a**2 - 2*a - 29. Calculate q(-18).
7
Let u(l) = -l**3 - 100*l**2 - 1531*l + 644. What is u(-81)?
-4
Let t(a) = -a**3 - 47*a**2 - 51*a - 125. Give t(-46).
105
Let f(l) = l**2 - 3*l - 260. Determine f(18).
10
Let c(m) = -m**2 + 14*m - 55. Determine c(5).
-10
Let a(q) = 3*q**3 - 68*q**2 + 54*q - 45. Calculate a(22).
175
Let a(m) = 12*m - 165. Determine a(-4).
-213
Let i(m) = -637*m - 1906. What is i(-3)?
5
Let p(c) = -279*c - 21199. Determine p(-76).
5
Let h(u) = -10*u**3 + 2*u**2 + 5*u + 4. What is h(-2)?
82
Let s(u) = -2*u**2 + 43*u - 9. What is s(21)?
12
Let g(k) = -2*k**2 - 18*k + 122. Calculate g(-13).
18
Let x(a) = a**3 - 91*a**2 + 503*a + 2. Give x(6).
-40
Let c(a) = -8*a - 503. Give c(-59).
-31
Let r(i) = -i**2 + 70*i + 514. Give r(-7).
-25
Let n(x) = -x**3 + 5*x**2 + 8*x + 41. What is n(7)?
-1
Let b(l) = -l**3 - 60*l**2 + 12*l + 696. Calculate b(-60).
-24
Let p(a) = 70*a + 418. Calculate p(-7).
-72
Let r(z) = 68*z + 9239. Determine r(-136).
-9
Let a(i) = -i**3 + 18*i**2 + 246*i - 82. Determine a(27).
-1
Let k(z) = 11*z + 391. Calculate k(-35).
6
Let u(h) = -h**3 + 28*h**2 - 54*h - 523. Determine u(25).
2
Let k(z) = 1778*z + 3550. Determine k(-2).
-6
Let n(m) = -3*m**2 + 96*m - 101. What is n(29)?
160
Let c(s) = -2*s**2 + 14*s + 304. Give c(16).
16
Let f(j) = -j**2 - 31*j + 553. Give f(13).
-19
Let l(r) = 21*r**2 - 189*r + 74. Determine l(8).
-94
Let h(f) = -862*f - 6028. Determine h(-7).
6
Let i(m) = -m**2 + 60*m - 969. What is i(23)?
-118
Let c(u) = -23*u**3 - 2*u**2 + 4*u - 3. What is c(1)?
-24
Let o(y) = 127*y - 7751. Give o(61).
-4
Let t(q) = 7*q**2 + 36*q - 72. What is t(2)?
28
Let s(m) = 4*m**2 + 25*m + 38. Calculate s(-9).
137
Let f(t) = -t**2 - 80*t - 77. Determine f(-88).
-781
Let u(o) = -14*o**3 + 122*o**2 + 116*o - 6. What is u(-1)?
14
Let u(y) = -2*y**2 - 49*y + 633. Determine u(-34).
-13
Let s(x) = x**3 - 11*x**2 - x + 29. Calculate s(10).
-81
Let y(t) = 119*t - 1004. Calculate y(8).
-52
Let f(m) = -392*m - 5073. Determine f(-13).
23
Let f(i) = 33*i - 2974. What is f(90)?
-4
Let m(f) = -53*f + 5. What is m(0)?
5
Let c(t) = 2*t**2 + 116*t + 32. Determine c(0).
32
Let s(w) = -w**2 + 18*w + 1. Determine s(13).
66
Let x(i) = i**2 - 581*i - 8390. What is x(-14)?
-60
Let n(k) = 2*k**3 + 51*k**2 + 69*k - 68. Calculate n(-24).
4
Let u(r) = -3*r**3 - 145*r**2 - 46*r + 99. Calculate u(-48).
3
Let n(a) = -80*a + 2648. What is n(33)?
8
Let r(q) = -q**2 + 20*q + 38. What is r(-9)?
-223
Let g(b) = -82*b - 11648. Calculate g(-142).
-4
Let j(b) = -155*b - 2475. Give j(-16).
5
Let c(k) = -k**3 - 28*k**2 + 6*k + 1492. Calculate c(-26).
-16
Let y(p) = p**2 - 110*p + 110. Determine y(109).
1
Let j(d) = -4584*d + 32075. Determine j(7).
-13
Let c(g) = -g**3 + 8*g**2 - 28*g + 100. What is c(6)?
4
Let g(j) = -663*j - 41768. Calculate g(-63).
1
Let c(v) = -v**2 - 77*v + 1458. Determine c(-96).
-366
Let g(o) = -o**2 - 27*o + 2991. Determine g(43).
-19
Let d(s) = 29*s - 2077. Give d(73).
40
Let p(t) = 79*t - 447. Determine p(6).
27
Let d(u) = 5*u - 50. What is d(-16)?
-130
Let o(b) = -b**2 + 23*b + 60. What is o(25)?
10
Let p(h) = -87*h + 2471. What is p(27)?
122
Let d(l) = 7*l**2 - 76*l + 3. Give d(9).
-114
Let w(r) = 3*r**3 + 19*r**2 + 41*r + 133. Determine w(-3).
100
Let h(z) = z**2 - 17*z + 52. Give h(11).
-14
Let h(n) = 524*n - 14618. Determine h(28).
54
Let n(z) = 5*z**2 - 14*z - 53. Calculate n(5).
2
Let j(h) = -h**3 + 72*h**2 + 150*h - 86. Give j(74).
62
Let x(d) = d**2 + 96*d + 706. Calculate x(-8).
2
Let t(k) = -23*k**2 + 444*k - 41. Determine t(19).
92
Let l(d) = 11*d**2 + 466*d + 2331. Give l(-5).
276
Let d(j) = 3*j**3 - 5*j**2 - 6*j - 7. Calculate d(5).
213
Let c(k) = 5*k**3 - 18*k**2 - 14*k - 5. Calculate c(4).
-29
Let w(z) = 896*z - 2681. What is w(3)?
7
Let f(m) = -700*m - 2097. Give f(-3).
3
Let w(d) = d**2 + 31*d + 335. Determine w(-29).
277
Let v(u) = -21*u**2 + 24*u - 55. Give v(6).
-667
Let k(v) = -v**3 - 7*v**2 + 131*v + 674. Give k(-5).
-31
Let k(g) = -34*g + 28. What is k(1)?
-6
Let x(r) = -24*r - 2401. Determine x(-98).
-49
Let o(d) = -1814*d - 3623. Determine o(-2).
5
Let n(u) = -u**2 + 59*u + 2219. Determine n(85).
9
Let u(c) = -c**3 - 23*c**2 - 26*c - 43. Determine u(-22).
45
Let j(z) = -2*z**2 + 8*z + 51. Calculate j(-7).
-103
Let a(f) = f**3 + 13*f**2 + 82*f + 7. What is a(-10)?
-513
Let d(t) = -217*t - 1490. Calculate d(-7).
29
Let j(z) = z**3 + 43*z**2 + 466*z + 35. Calculate j(-20).
-85
Let x(v) = -87*v + 941. Determine x(11).
-16
Let i(o) = o**3 - 70*o**2 + 60*o + 673. What is i(69)?
52
Let g(a) = 11*a - 252. Calculate g(24).
12
Let y(g) = -530*g - 8487. Determine y(-16).
-7
Let c(q) = q**2 + 133*q - 5077. Give c(-164).
7
Let z(c) = 4*c + 2. Determine z(-2).
-6
Let h(f) = -15350*f + 61409. Calculate h(4).
9
Let z(n) = -n**3 - 13*n**2 - 39*n + 9. Give z(-6).
-9
Let h(q) = -q**3 + 26*q**2 + 10*q - 1822. Calculate h(23).
-5
Let r(w) = 24*w**2 + 1130*w + 81. Give r(-47).
-13
Let p(q) = 7*q**3 - 51*q**2 - 7*q + 15. Give p(7).
-132
Let a(s) = -s**2 + 2*s + 90. What is a(-7)?
27
Let f(y) = 4*y**3 - 63*y**2 + 210*y - 7. Determine f(11).
4
Let u(q) = -8*q**3 + 3*q**2 + 12*q - 5. Determine u(-3).
202
Let x(h) = 827*h + 12350. Calculate x(-15).
-55
Let a(j) = 3*j**2 - 148*j + 1649. Calculate a(17).
0
Let b(k) = -k**2 + 18*k + 28. Determine b(17).
45
Let s(a) = -3*a**2 + 36*a + 464. Give s(-8).
-16
Let z(y) = 407*y + 1221. Calculate z(-3).
0
Let f(n) = 67*n + 8965. Give f(-130).
255
Let i(v) = -1504*v + 7362. Determine i(5).
-158
Let v(d) = -d**3 + 17*d**2 + 8*d + 76. What is v(17)?
212
Let j(m) = 2*m**3 + 116*m**2 + 115*m + 152. Calculate j(-57).
95
Let u(g) = -1190*g - 8330. What is u(-7)?
0
Let b(m) = -135*m + 17. Give b(2).
-253
Let a(z) = -24*z + 358. What is a(15)?
-2
Let n(q) = q**2 - 382*q + 34357. Calculate n(145).
-8
Let k(m) = -m**3 - 4*m**2 - 12*m - 41. Calculate k(-4).
7
Let k(y) = 17*y - 108. What is k(6)?
-6
Let s(b) = -351*b - 4211. Give s(-12).
1
Let w(o) = -4*o**2 + 66*o - 13. Calculate w(16).
19
Let u(o) = 133*o + 2271. Give u(-17).
10
Let s(a) = -106*a + 3434. What is s(38)?
-594
Let b(u) =